/2 - 3*j. What are the prime factors of q(-2)?
3, 5
Suppose 16 = -4*y + 232. List the prime factors of y.
2, 3
Let z(s) = -s**3 - s**2 - 1. Let j(k) = 3*k**3 + 4*k + 5. Let f(r) = -j(r) - 4*z(r). What are the prime factors of f(-4)?
3, 5
List the prime factors of (-258)/(-4)*(-1 + 7/3).
2, 43
List the prime factors of ((-422)/(-8))/(((-15)/(-12))/5).
211
List the prime factors of 7/((-7)/(-2))*281/2.
281
Suppose 5*y - 15 = 40. What are the prime factors of y?
11
What are the prime factors of -2 - 2*(-81)/2?
79
Suppose 4*d + d + 65 = 3*g, 0 = -3*d + g - 35. Let w = d + 15. What are the prime factors of 1 - w - -2 - -11?
3
Let s(m) = -10*m + 5. Suppose 3*h - z + 15 = -0*h, -4*h + 3*z - 25 = 0. Let j be s(h). Suppose 2*p - j = -p. List the prime factors of p.
3, 5
Suppose -5*f + 0*n = 2*n - 14, 3*f + 3*n = 12. Let a be (-27)/(-3)*f/2. Suppose -i + 21 = 2*u, -u + 6 = -i - a. List the prime factors of u.
2, 3
Let i(a) = a**3 - 13*a**2 + a + 16. Suppose 0 = -4*b - 3*n + 64, -b = 4*n - 14 - 15. List the prime factors of i(b).
29
Suppose -5*n - 20 = -0*n + 5*r, -4*r = -4*n + 16. Suppose 4*d - 48 = -n*d. List the prime factors of d.
2, 3
Suppose 441 = 3*s - 210. What are the prime factors of s?
7, 31
Let r = 10 - -16. List the prime factors of r.
2, 13
Suppose 11 = -3*n + 194. Suppose -11 = 5*o - n. Suppose 0 = -4*f - 2*c - 3 + 23, -f + 2*c = -o. What are the prime factors of f?
2, 3
Suppose -2*x + 6*x - 152 = 0. Suppose 4*l + q - x = 0, 0 - 4 = -2*q. What are the prime factors of l?
3
Let b(d) = d**3 + 4*d**2 - 2*d - 4. What are the prime factors of b(-3)?
11
Suppose -5*x = -3*x - 16. List the prime factors of (3 - (-92)/x)*2.
29
Let r(j) = 4*j - 14. What are the prime factors of r(10)?
2, 13
Let p = 133 + 66. List the prime factors of p.
199
Suppose 0*r + 5*s - 58 = -3*r, 102 = 5*r + 3*s. What are the prime factors of r?
3, 7
Suppose 5*n = -3*d + 8*d + 65, -4*n = -5*d - 61. Let c = d + 16. List the prime factors of c.
7
Let q(v) = 3*v + 38. List the prime factors of q(6).
2, 7
Let k be (9 + 1)*(-12)/(-3). Suppose 0*x = -5*x + k. Suppose x = 5*h - 17. What are the prime factors of h?
5
Let g(j) = -4 + 2 - j - 6*j**2 + 8*j**2. Suppose -4*p + 10 = p. What are the prime factors of g(p)?
2
Let m be 10/(-15) + 4/6. Suppose y - 2*y + b = -17, -2*y + b + 33 = m. What are the prime factors of y?
2
Suppose -6*c + 0 = -36. What are the prime factors of c?
2, 3
Suppose -8*j + 3*j = 0. Suppose j = -2*d - 2*d + 4*f + 8, -2*f + 10 = 0. What are the prime factors of d?
7
Let f(r) be the third derivative of -r**4/24 + r**2. Let w(l) = -l**2 - 4*l + 5. Let x be w(-6). What are the prime factors of f(x)?
7
Let a = 122 + -87. Let u = a + -18. What are the prime factors of u?
17
Suppose -5*f - 3*r + 22 = 0, r - 5 = f - 3. Let g be -3 + f + -15 + 1. What are the prime factors of (-21)/(-5) - (-3)/g?
2
Let t(f) = -8*f**3 + 2*f**2 + 2*f - 1. List the prime factors of t(-2).
67
Let c(y) = 6*y. Let m be c(4). List the prime factors of m + (-9)/6*2.
3, 7
Suppose 0 = -2*d - 0*d + 60. What are the prime factors of d?
2, 3, 5
Suppose 4*o = -1 + 9, -2*i + 2*o = 0. Suppose 5*g = 2*k + 115, 3*g - 31 = i*g + 2*k. What are the prime factors of g?
3, 7
What are the prime factors of -103*(-15)/6 - 4/8?
257
Let a(c) = c**2 + c. Let v(n) = -n**3 + 4*n + 4. Let s(x) = 5*a(x) - v(x). What are the prime factors of s(-4)?
2
Let x = 7 - 2. Suppose -4*s = 5*d - 131, -x*s + 175 = 5*d - d. List the prime factors of s.
3, 13
Let y be 3 - 2 - -183*1. Suppose -o + 3*h + 24 = 0, o + y = 6*o + h. List the prime factors of o.
2, 3
Suppose -3*w = -4*w. Suppose 0 = -w*k - k + 19. What are the prime factors of k?
19
Let x = 1 + -2. Let b = 2 + -11. List the prime factors of (x + b/2)*-2.
11
List the prime factors of -3 - (-2 + 1 + -248).
2, 3, 41
Let k(n) = -n**2 - 7*n + 5. Let b(t) = 4*t - 3. Let u be b(7). Suppose 0 = -4*p - j - u, -5*j + 43 = -2*p - 2*p. What are the prime factors of k(p)?
5
Suppose -4*j + 56 = -92. What are the prime factors of j?
37
Suppose -3*m = 5*o + 158, 238 = -5*m - 3*o + o. Suppose 5*a + 78 = 2*a. Let b = a - m. List the prime factors of b.
2, 5
Let z(n) = -n**2 - 9*n + 10. Let w be z(-9). List the prime factors of (-8)/w*15/(-2).
2, 3
Suppose -3*l = -5*s - 9, 4*s - l + 15 = 4*l. Suppose h - 5*h = s. List the prime factors of (h - (-2 + 0))/1.
2
What are the prime factors of (-856)/(-7) - (-24)/(-84)?
2, 61
Suppose -4*i + i = g - 658, i = 3*g + 206. List the prime factors of i.
2, 109
Let k be (-4)/(-12)*(0 - -42). Let p = k - -12. Let i = p + -17. What are the prime factors of i?
3
Let z(m) = -27*m + 31. List the prime factors of z(-5).
2, 83
Let l(w) = w**3 - 4*w**2 + 4*w + 1. Let h be l(3). Suppose u = -c + h, 5*u - 16 = u - 5*c. Suppose 0 = g + u*g - 40. List the prime factors of g.
2
Suppose 0 = -5*u + 5*t + 655, -5*t + 393 = 3*u - 0*u. List the prime factors of u.
131
List the prime factors of (234/4)/(-3)*-2.
3, 13
Let d = -23 - -49. List the prime factors of d.
2, 13
Let z be (-2)/(-4 + 0 + 6). Let n = 16 + z. List the prime factors of n.
3, 5
Let t be (19 - 7)/(2/2). Suppose -2*j = -5*y - 0*j + 6, 0 = 5*y + 5*j - 20. Suppose y*x - t = x. What are the prime factors of x?
2, 3
Let n(w) = 4*w**2 + 13*w + 11. Let p(r) = 5*r**2 + 13*r + 11. Let x(b) = 6*n(b) - 5*p(b). List the prime factors of x(10).
41
What are the prime factors of ((-1)/3*-7)/((-10)/(-90))?
3, 7
What are the prime factors of (8/(-2))/(-2) - -12?
2, 7
Let w = 8 + -6. Let p(m) = 0*m + 1 + 2*m + m**2 - w*m**2 - m**3. What are the prime factors of p(-3)?
13
Let k = -17 - -29. Let v = -8 + k. List the prime factors of v.
2
Let q = 308 + -109. List the prime factors of q.
199
Suppose 0 = x - 25 - 43. What are the prime factors of x?
2, 17
Let n(d) = -16*d**3 - 4*d**2 - d - 5. Let z(q) = 17*q**3 + 3*q**2 + 4. Let j(u) = 2*n(u) + 3*z(u). List the prime factors of j(1).
2, 5
Let w(d) = d**2 - 5*d - 2. Suppose -39 = 3*u - 5*p + 2*p, 49 = -4*u + p. Let z be 6/(-8) + (-81)/u. List the prime factors of w(z).
2
Let z(y) = -y + 21. Let g be 0/(-2)*(-5 - -4). Let f be z(g). Let b = -11 + f. List the prime factors of b.
2, 5
Let c be (0 + 7)/((-2)/(-2)). Suppose 4*h + 5*a = 8, 2*a + 4 = 2*h + c*a. What are the prime factors of h?
2
Let m(a) = 3*a + 31. List the prime factors of m(0).
31
Let h(k) = 13*k**3 - 2*k**2 + 1. Suppose 0 = 2*f - n, -5*f + 5*n = -4 + 9. What are the prime factors of h(f)?
2, 3
Suppose -o + 2*a - 3 + 1 = 0, -5*o + 26 = 2*a. Suppose 5*b + 47 = 3*q + b, o*q - 56 = 4*b. What are the prime factors of q?
3
Suppose 3*x = -x + 4*g + 40, -2*x + 5*g = -32. What are the prime factors of (2/x)/((-1)/(-6))?
2
Let c(j) = 4 + j**2 + 0 + 4 + 8 + 11*j. What are the prime factors of c(-11)?
2
Let r(s) = 2*s**2 - 4. Let b be (6/(-4))/((-9)/48). Suppose -3*t = -b*t + 15. What are the prime factors of r(t)?
2, 7
Suppose 0 = -3*b - 3*b + 930. List the prime factors of b.
5, 31
What are the prime factors of (40/(-24))/((-1)/15)?
5
Let y = -112 - -226. Suppose 4*p + y = 7*p. What are the prime factors of p?
2, 19
Let o(q) = q**2 + 7*q - 13. Let r be o(-9). Suppose 0 = 4*w - 2 - 18, -s + r*w = 14. What are the prime factors of s?
11
List the prime factors of (-2 - -1)/(4/(-100)).
5
Let i(l) = -2*l - 3 + 22*l + 2. List the prime factors of i(1).
19
Let x(t) = -t**3 + 13*t**2 - 15*t + 12. What are the prime factors of x(11)?
89
Let b(s) = -s**3 - 9*s**2 + 8*s + 5. Let z be 29/(-3) + (-1)/3. List the prime factors of b(z).
5
Let d(g) = g**3 + 4*g**2 - 1. Let s be d(-4). Let b = 4 + s. What are the prime factors of b?
3
Suppose 0 = -2*i - 5*l + 4, -l + 3*l - 8 = -4*i. Let a = 4 - i. Suppose -a*n = -j - 22, -5*n = -2*n - 3*j - 36. What are the prime factors of n?
2, 5
Let m = 1 + -4. Let u = -1 - m. Suppose f + p - 8 = -0*p, u*f - 3*p - 11 = 0. What are the prime factors of f?
7
Suppose -5*x - 4*v = -446, 3*x - 5*v + 2*v = 246. What are the prime factors of x?
2, 43
Let m(t) be the second derivative of -t**5/20 - 5*t**4/6 - 5*t**3/6 - 7*t**2/2 - 9*t. List the prime factors of m(-10).
43
Suppose f - 6 = -0*f. Let o(k) = k**2 - 5*k + 6. What are the prime factors of o(f)?
2, 3
Suppose d - 70 = 41. What are the prime factors of d?
3, 37
Let w(x) = x**3 - 33*x - 6 + 53*x - 22*x - 3*x**2 + 2*x**3. What are the prime factors of 